0001111001 (base 2) to base 14.
-71c5
32471 (base 10) to base 16
7ed7
-ba (base 12) to base 6
-354
What is -c1c9 (base 14) in base 6?
-414101
-27542 (base 8) to base 7
-50236
Convert 6c5c (base 15) to base 11.
16343
Convert 438 (base 16) to base 13.
651
Convert -5110 (base 9) to base 7.
-13614
Convert -2172 (base 11) to base 3.
-10221000
Convert 34b (base 16) to base 14.
443
What is -7931 (base 12) in base 8?
-32165
4212 (base 5) to base 2
1000101101
Convert -442 (base 9) to base 14.
-1bc
380a (base 11) to base 3
20211010
What is -db9 (base 16) in base 2?
-110110111001
Convert 1231022 (base 4) to base 7.
26240
What is 203 (base 16) in base 2?
1000000011
733 (base 14) to base 2
10110001001
-516 (base 9) to base 8
-644
4177 (base 8) to base 14
b15
11473 (base 9) to base 4
1320000
Convert 5c61 (base 15) to base 16.
4cd2
Convert -2b83 (base 16) to base 3.
-120021120
41434 (base 8) to base 15
5155
Convert -6987 (base 15) to base 7.
-122212
Convert -3676 (base 13) to base 5.
-221302
What is -10101110010 (base 2) in base 9?
-1818
Convert -111110001010 (base 2) to base 10.
-3978
What is -1066 (base 7) in base 6?
-1451
-210210 (base 3) to base 8
-1114
Convert a83 (base 15) to base 5.
33443
What is 227 (base 8) in base 2?
10010111
What is -1034011 (base 6) in base 5?
-3121130
216 (base 15) to base 3
122110
Convert 1110000100001 (base 2) to base 11.
5457
What is -11010100111 (base 2) in base 9?
-2302
What is 1084 (base 9) in base 6?
3421
What is -165264 (base 7) in base 4?
-20010300
3232 (base 4) to base 9
284
-1001110111001 (base 2) to base 5
-130144
Convert a33 (base 15) to base 7.
6462
107b0 (base 13) to base 12
15367
Convert 86a (base 11) to base 6.
4500
Convert -1000001101110 (base 2) to base 16.
-106e
-211353 (base 8) to base 13
-2605a
Convert -646 (base 13) to base 14.
-568
-356c (base 16) to base 14
-4dac
What is -1454 (base 11) in base 12?
-1102
12131310 (base 4) to base 7
140133
Convert 42ab (base 12) to base 11.
5565
Convert -653 (base 10) to base 2.
-1010001101
Convert 922 (base 11) to base 5.
13423
5c43 (base 16) to base 7
125601
What is 1705 (base 11) in base 10?
2183
Convert 2163 (base 8) to base 10.
1139
3400 (base 8) to base 4
130000
-407 (base 10) to base 16
-197
Convert 247 (base 10) to base 2.
11110111
-645 (base 13) to base 3
-1110200
Convert 1377 (base 8) to base 13.
470
-102230 (base 4) to base 6
-5312
Convert -1020010220 (base 3) to base 12.
-11b96
-5cdc (base 16) to base 3
-1012121110
Convert -21210 (base 5) to base 6.
-10342
Convert 1054 (base 11) to base 3.
1220111
What is -11001010001 (base 2) in base 11?
-1240
What is 67b0 (base 12) in base 9?
16706
88580 (base 10) to base 13
3141b
What is 670 (base 8) in base 6?
2012
9b1 (base 12) to base 13
85c
11ae (base 16) to base 7
16124
301 (base 11) to base 6
1404
-23a (base 13) to base 15
-1ac
What is 230012 (base 5) in base 6?
101352
-32212 (base 7) to base 12
-4764
Convert 5416 (base 8) to base 7.
11152
328 (base 13) to base 2
1000011101
2221212112 (base 3) to base 13
2066c
Convert -4534 (base 15) to base 2.
-11100101010010
-12030301 (base 4) to base 16
-6331
Convert -102100 (base 3) to base 10.
-306
Convert -2360 (base 7) to base 5.
-12000
10321 (base 4) to base 7
625
-1a57 (base 13) to base 5
-111314
235225 (base 6) to base 14
7721
What is -11121 (base 10) in base 8?
-25561
1112200 (base 3) to base 2
10001100101
Convert 1210120 (base 3) to base 8.
2437
Convert -111002 (base 4) to base 15.
-5eb
Convert -23a10 (base 12) to base 4.
-23233230
What is -10202033 (base 4) in base 2?
-100100010001111
-1313011 (base 4) to base 10
-7621
Convert 212042 (base 6) to base 5.
1023211
Convert 88db (base 15) to base 9.
43708
What is 10111011100 (base 2) in base 12?
a50
Convert 301113 (base 6) to base 4.
11300211
Convert -442 (base 8) to base 9.
-352
What is -15223 (base 7) in base 14?
-1783
43342 (base 5) to base 16
b9c
395 (base 12) to base 2
1000100001
What is -379 (base 10) in base 5?
-3004
Convert -110100000000 (base 2) to base 16.
-d00
What is 17 (base 8) in base 13?
12
Convert 59d (base 16) to base 14.
749
Convert -474 (base 8) to base 10.
-316
What is 21220101 (base 3) in base 11?
4368
15600 (base 8) to base 7
26345
What is 110010111010 (base 2) in base 12?
1a76
-70740 (base 10) to base 14
-1bacc
Convert -1572 (base 8) to base 14.
-478
-38912 (base 10) to base 15
-b7e2
1020110002 (base 3) to base 8
57477
Convert 410111 (base 5) to base 13.
5cb0
20199 (base 10) to base 4
10323213
Convert 2010 (base 3) to base 11.
52
What is 324 (base 13) in base 11?
449
What is -3a6 (base 13) in base 4?
-22003
100000101000010 (base 2) to base 16
4142
2dc (base 14) to base 6
2414
What is 9a9 (base 13) in base 3?
2021111
-3122211 (base 4) to base 15
-4229
Convert 310321 (base 4) to base 10.
3385
Convert -12130 (base 4) to base 16.
-19c
Convert 48a (base 14) to base 11.
754
Convert -362 (base 11) to base 9.
-528
What is 16210 (base 8) in base 4?
1302020
What is -253 (base 14) in base 13?
-29a
-240 (base 5) to base 4
-1012
Convert 20422 (base 6) to base 16.
abe
-13031 (base 7) to base 14
-1388
What is 3382 (base 12) in base 2?
1011001010010
187 (base 12) to base 8
367
What is -18608 (base 11) in base 2?
-110010110100111
What is 41051 (base 6) in base 16?
1537
What is -6488 (base 9) in base 13?
-2237
Convert -2077 (base 14) to base 11.
-4225
What is 222000120 (base 3) in base 15?
5949
Convert -13230 (base 6) to base 7.
-5634
8041 (base 10) to base 2
1111101101001
111100111110111 (base 2) to base 14
b543
12011101 (base 3) to base 14
152b
327 (base 11) to base 16
188
Convert 31321 (base 6) to base 2.
1000010000001
What is -2034 (base 9) in base 11?
-1134
7775 (base 10) to base 16
1e5f
Convert -120220010 (base 3) to base 4.
-2311002
202022112 (base 3) to base 11
10144
-335 (base 11) to base 13
-24b
1231340 (base 5) to base 11
17011
What is -466 (base 10) in base 5?
-3331
What is -9e5 (base 15) in base 7?
-6350
Convert -770b (base 12) to base 9.
-18882
Convert 1111002 (base 3) to base 8.
2072
Convert 1198 (base 10) to base 4.
102232
Convert -1021122 (base 3) to base 2.
-1110100111
Convert -111201 (base 4) to base 10.
-1377
What is 387e (base 15) in base 8?
27414
Convert -132011 (base 4) to base 10.
-1925
-13719 (base 13) to base 16
-8e05
Convert -4754 (base 8) to base 10.
-2540
Convert -4143 (base 12) to base 9.
-10666
What is 111100101000111 (base 2) in base 8?
74507
2b9 (base 16) to base 4
22321
What is -187 (base 9) in base 2?
-10100000
What is 561 (base 7) in base 15?
143
-6b3d (base 14) to base 4
-10203303
-5ba8 (base 12) to base 8
-24160
What is 599b (base 13) in base 10?
12634
What is -30032030 (base 4) in base 5?
-3100220
Convert -407 (base 14) to base 10.
-791
What is -213023 (base 5) in base 15?
-2243
-10001110010 (base 2) to base 8
-2162
-102211 (base 5) to base 13
-173c
Convert -107022 (base 9) to base 15.
-14032
Convert 11001001000 (base 2) to base 4.
121020
What is -c98c (base 13) in base 6?
-333345
What is 3afe (base 16) in base 11?
1038a
Convert -16a8 (base 14) to base 7.
-14601
Convert 2196 (base 11) to base 15.
cc8
33a4 (base 13) to base 12
4228
Convert -5811 (base 11) to base 16.
-1dd3
Convert -175025 (base 8) to base 6.
-1212221
Convert -1388 (base 9) to base 10.
-1052
-1780 (base 15) to base 7
-20532
-912 (base 11) to base 6
-5034
What is -101220 (base 3) in base 4?
-10212
What is -100211000 (base 3) in base 6?
-53043
-1100111 (base 4) to base 5
-131031
100101001 (base 2) to base 14
173
Convert -1b68 (base 13) to base 2.
-1000000101110
What is -332434 (base 6) in base 9?
-42134
What is 2330 (base 4) in base 11?
161
61 (base 16) to base 7
166
Convert 21010 (base 8) to base 16.
2208
What is 100111001001 (base 2) in base 13?
11a9
What is -1255 (base 6) in base 14?
-191
84a0 (base 11) to base 14
4150
Convert 2158 (base 11) to base 13.
13ac
Convert 10332 (base 4) to base 6.
1250
-3015 (base 7) to base 5
-13131
Convert 13266 (base 12) to base 16.
66ae
What is -2000 (base 5) in base 15?
-11a
Convert -41321 (base 5) to base 7.
-10622
Convert 11060 (base 8) to base 15.
15a6
What is 33230 (base 6) in base 10?
4626
-195 (base 13) to base 10
-291
What is -1235 (base 11) in base 12?
-b23
What is -7a2 (base 11) in base 13?
-58a
What is -5808 (base 14) in base 13?
-6c68
What is -30233032 (base 4) in base 